). Suppose -o*p + p - 6 = 0. What is the tens digit of 0 + (p - 2*-9)?
1
Let n(p) = -5*p - 6. Let b be (12/(-14))/((-5)/(-35)). What is the units digit of n(b)?
4
Let f(p) = -2*p - 3. Let k be f(4). Let a(x) = -x - 4. Let n(r) = 1. Let o(u) = a(u) + 6*n(u). What is the units digit of o(k)?
3
Let j(a) be the third derivative of 1/60*a**5 - 1/6*a**3 + 0*a + 0 + 1/24*a**4 - a**2. What is the units digit of j(-2)?
1
Let c = 11 + -6. Suppose 3*q = 7 + c. Let i = q - 3. What is the units digit of i?
1
Suppose 2*m = -6, -3*h - 4*m + 51 = m. Suppose -u - h = -2*u. What is the tens digit of u?
2
Suppose 2 = 2*r - 2. Let j be -5 - 1*2/r. Let v(a) = -a**2 - 6*a + 7. What is the units digit of v(j)?
7
Suppose -5*y - 15 = -10*y. Let f = y + 6. What is the units digit of f?
9
Suppose 3*b - o = -85, b + 2*o + 2 + 24 = 0. Let y = b + 63. What is the units digit of y?
5
Let k = 6 + 1. Let y be 6/4 - k/(-14). Suppose 24 = 3*n - 3*v, 0 = -4*n - y*v + 7 + 1. What is the units digit of n?
4
Suppose 0 = -4*c + c - 18. Let j = -4 - c. Suppose 5*w = w + 4*n + 32, -5*w = -j*n - 34. What is the units digit of w?
6
Suppose 5*i - 17 = 4*i. Let j(p) = p**2 + 5*p - 4. Let q be j(-3). Let h = q + i. What is the units digit of h?
7
Suppose 312 = v + 2*v. Let i = -49 + v. What is the units digit of i?
5
Let x(h) = -h**3 + 2*h**2 - 3*h + 4. Let c(n) = 6*n**3 - 11*n**2 + 15*n - 21. Let q(d) = 2*c(d) + 11*x(d). What is the units digit of q(2)?
4
Suppose 0 = 2*x - 5*b - 94, 0*x + 2*b = x - 46. Let g = -20 + x. What is the tens digit of g?
2
Suppose -275 + 80 = -5*u + 5*t, 180 = 4*u + 4*t. What is the units digit of u?
2
Let y = -5 - -1. Let f(w) = -w**3 - 9*w**2 - 2*w - 10. Let l be f(-9). Let m = y + l. What is the units digit of m?
4
Let o = -5 + 51. What is the tens digit of o?
4
Suppose 6*k - 51 = 453. What is the tens digit of k?
8
Let v = -3 - 7. Let j = v - -21. What is the tens digit of j?
1
Let b be (-1 + 2)*(-3 - 22). Let z = -6 - b. What is the tens digit of z?
1
Suppose 820 = 3*t + 4*y, -2*t - 4*y + 232 = -316. What is the tens digit of t?
7
Let n = -7 + 14. Suppose -2*m + n*m - 35 = 0. What is the units digit of m?
7
Suppose -17 = -4*g + 99. Suppose 5*w - 4 = 3*m + 1, -w - 5*m + g = 0. What is the units digit of w?
4
Suppose -2*v + 32 = 3*r - v, 2*r + 3*v - 12 = 0. Suppose -3*b + 19 + 19 = -4*q, -2*b - 4*q = -r. Suppose k + 4 = b. What is the units digit of k?
6
Suppose d - 2 = 9. What is the units digit of d?
1
What is the hundreds digit of (-11)/(3/(4*-27))?
3
Suppose 18 = 2*c - 2*h - 0*h, 38 = 5*c + 2*h. Let z = 37 - 24. Let n = z - c. What is the units digit of n?
5
Let i be 203/35 + 2/10. Let w = i + -4. What is the units digit of w?
2
Let f = -2 - -6. Let t = f + -10. What is the units digit of 2 + (t + 0)/(-2)?
5
Let f(s) = -s**2 - 7*s - 6. Suppose 4*r + 28 + 7 = 5*g, 5*r + 28 = g. What is the units digit of f(r)?
4
Let h(u) = -u**2 + 4. Let p be h(0). Let l(f) = p*f - 4*f + 3*f - 3. What is the units digit of l(2)?
3
Let v(c) = c**2 + c - 38. What is the units digit of v(12)?
8
Let m = 7 + -4. What is the units digit of m/(-9) + (-19)/(-3)?
6
Suppose 3*p = 2*f + 110, 6 = 2*p + f - 72. What is the units digit of p?
8
Let s(r) be the second derivative of r**5/20 + r**4/3 + r**3/6 + 2*r. Let c be s(-3). What is the units digit of c/(-21) - 18/(-14)?
1
Suppose 3*s = 4*t + 56, -2*s = -3*s + 3*t + 22. Let u = -12 + s. What is the units digit of u?
4
Let u(r) be the first derivative of r**4/4 - 8*r**3/3 + 9*r**2/2 - 8*r + 1. Let q be (-14)/49 - 102/(-14). What is the units digit of u(q)?
6
Let o(q) = -4*q**2 + q + 4. Let a be o(3). Let w = -17 - a. What is the units digit of w?
2
Let m(t) = 3*t + 2. Let a be m(1). Suppose -a*u + u = -56. What is the units digit of u?
4
Let g(k) = 46*k**2 - k. What is the units digit of g(1)?
5
What is the units digit of (54/24)/((-6)/(-16))?
6
What is the hundreds digit of 2 + 134*2*(-3 - -4)?
2
Let g(f) be the third derivative of f**4/24 + f**3/2 - 3*f**2. Let m be g(-2). Let k = m - 0. What is the units digit of k?
1
Let s(x) = -2*x + 3*x + 4*x**2 + 3 - 2*x + 2*x. What is the units digit of s(-3)?
6
Suppose 0*n = 4*n - 32. Let k(y) = 9*y**2 - 6*y + 3 - y**3 - 6 - 5. What is the units digit of k(n)?
8
Suppose 0 = -5*z + 2*u + 26, 3*z - 22 = -z + 2*u. What is the units digit of 3/z - 39/(-12)?
4
Let c = 178 - 113. What is the units digit of c?
5
What is the units digit of (1 + 2)*(-56)/(-24)?
7
Suppose 0 = -4*g - 3*f, -5*g + f = -2*f - 27. What is the units digit of g?
3
Suppose 4 = 3*v - f, -3*v - 1 = -2*v + 2*f. Let w be -2 + (-5*v - 0). Let k = w - -11. What is the units digit of k?
4
Let g(y) = -y + 8. Let p be g(8). Suppose -3*h + p - 6 = 0. What is the units digit of 7 + -4 + 1*h?
1
Let t(z) = 36*z**2 - 1. What is the tens digit of t(1)?
3
Suppose r + 9 = -2*r + 4*t, 0 = -2*r - t - 6. Let m = 31 + r. Let s = 40 - m. What is the tens digit of s?
1
Suppose 0 = -3*f - 18 + 96. Suppose 4*y + f = -5*d + 155, 0 = 2*d + 6. Suppose 4*r - y + 0 = 0. What is the units digit of r?
9
Let f = -13 + 29. Let y(n) = -n**2 + 17*n + 3. What is the tens digit of y(f)?
1
Suppose -5*r + r = -40. Let j = r + -9. Suppose -3 + j = -v, -3*m + 5*v + 29 = 0. What is the units digit of m?
3
Suppose -t - 4*s = -4*t - 8, -19 = -t - 3*s. What is the units digit of t?
4
Let v = 49 + -18. Let p = -19 + v. What is the tens digit of p?
1
Let y(v) be the first derivative of -v**2/2 - 2*v - 3. Let f be y(-10). Suppose 2*t - f = t. What is the units digit of t?
8
Let d be ((-5)/(-10))/(2/(-16)). Let j = -3 - d. What is the units digit of j?
1
Suppose -2*y + h + 69 = -4*h, -3 = h. What is the units digit of 183/y - (-2)/9?
7
Suppose 2*d - d - 3*o - 116 = 0, 113 = d - 2*o. What is the hundreds digit of d?
1
Suppose 0 = -4*h + t - 2*t + 11, 4*h + 3*t - 17 = 0. Suppose -w = h*d - 18, -6*w = -3*w - d - 82. What is the units digit of w?
6
Suppose -2*p - 186 = -2*b, 5*p - 3 + 189 = 2*b. What is the tens digit of b?
9
Let k be (-12)/14*(-21)/3. Let q be 1 + (k - (2 - 0)). Suppose 10 = 3*o - q. What is the units digit of o?
5
Let p = 118 + -63. What is the units digit of p?
5
Let y(k) = -89*k. What is the units digit of y(-1)?
9
Suppose 0*t + 2*w = -5*t - 14, -2*t - 5 = w. Let s = t - -37. What is the tens digit of s?
3
Let n be (-1)/(-2)*2 + 15. Let r = 14 - 9. Suppose r*b - 32 = m, n = b - 0*m + 3*m. What is the units digit of b?
7
Let b = 14 - 9. Suppose -7*k + 2*k = v - 53, -b*k + 63 = -4*v. What is the units digit of k?
1
Let v = -10 + 11. Let m(q) = 17*q**3 - 1. What is the units digit of m(v)?
6
Let z(o) = -18*o + 5. What is the units digit of z(-2)?
1
Suppose 4*j - 5*j = 3*t - 15, 0 = -2*j - 4*t + 32. Suppose -5*l = 3*x, l = 4*x - 5 - j. Let q = x + 6. What is the units digit of q?
1
Let m(b) = 28*b**3 + 1. Suppose -c - 1 = -y + 1, -5*y + c = -6. Let t be m(y). Let h = t + -19. What is the units digit of h?
0
What is the tens digit of (-1 - (-21)/14)/(2/472)?
1
Let t(o) = o - 4. Let p be t(8). Suppose -2*i = p*i - 30. What is the units digit of i?
5
What is the units digit of (-195)/(-52)*(0 + (-240)/(-9))?
0
Let c be 2/((-57)/63 + 1). Let b be (-28)/c*3/(-2). Suppose 4*p + b = 54. What is the tens digit of p?
1
Let n = 129 + -92. What is the tens digit of n?
3
Let v(s) = -s**2 + 10*s - 11. Let h(p) = p**3 + 4*p**2 - p - 4. Let x be h(-3). Let g be v(x). What is the units digit of 19 + -1 + -3 + g?
0
Let h(j) = j**3 + 6*j**2 + 2*j - 2. Let u be h(-5). Suppose -4*n - n - 5 = 0. Let o = n + u. What is the units digit of o?
2
Suppose 0 = d + 3*i + 7 + 4, 2*d - i - 13 = 0. Suppose 0 = -5*q - 4*t + 34, -4*q - t + d*t = -21. What is the units digit of q?
6
Let w(t) be the second derivative of t**4/12 + t**3/3 + t**2/2 + 5*t. What is the units digit of w(-2)?
1
Suppose -3*g + 24 = 2*z + g, -2*z + 2*g - 6 = 0. Let q(j) = 4*j**2 + j + 2. What is the units digit of q(z)?
0
Let f(d) = d**2 - 7*d + 6. Suppose 4*g - 4 = u, -3*u = -3*g - 0 + 12. Suppose g = -4*t + 2*t + 14. What is the units digit of f(t)?
6
Let b(d) = d**3 - 5*d**2 + 4*d + 4. Let h be b(4). Let r = -15 + 25. Suppose r = -h*l + 5*l. What is the tens digit of l?
1
Let k be 1240/28 - 2/7. Suppose 5*t + a = k, -t = a + 2*a - 20. What is the units digit of t?
8
Suppose -2*d - 14 = -2*j, -4*j - 4*d - 4 + 16 = 0.